t d(l) = 77*l**2 + 103*l - 305. Is d(-27) a composite number?
False
Is (-2842014)/(-28)*4/6 prime?
False
Let v be ((-54)/(-45))/(3/10). Suppose 5*o - g - 3376 = 5064, -3*g + 15 = 0. Suppose 0 = -7*l + v*l + o. Is l composite?
False
Let o(i) = 11*i**2 - 22*i - 7. Let j(m) = -m**2 + m - 2. Let d(f) = 5*j(f) + o(f). Is d(18) prime?
True
Let s = -322179 + -42387. Is (-672)/(-1176) + s/(-14) + 0 a composite number?
False
Let s(c) = 11*c**3 - 51*c**2 + 105*c - 24. Is s(19) a prime number?
True
Suppose -y = -4, 15*f + 3*y + 8 = 19*f. Suppose f*u - 702 = 39263. Is u composite?
False
Let f(w) = 3155*w + 7. Let l be f(11). Suppose 13*d - l - 43665 = 0. Is d a prime number?
True
Suppose 3*h - 153317 - 74437 = 0. Is h/(-9)*(-5)/((-80)/(-24)) composite?
False
Let a(f) = 1978*f + 5913. Is a(23) composite?
False
Let v(g) = 31*g + 47. Let s be -22*5/(-10) + -5. Is v(s) a composite number?
False
Let j = -64876 - -155663. Is j prime?
True
Let p be ((-9)/(-12)*-1)/((-2)/96). Suppose -40*m + 952 = -p*m. Let l = 657 - m. Is l a composite number?
False
Let t(g) = 6058 - 1021*g**3 - 6*g - 2725*g**3 - 6063 + 2*g**2. Is t(-2) prime?
True
Let j = 4067615 + -1703476. Is j composite?
True
Let l = 11 + 1. Suppose 3*o + 0*o - l = 0. Is ((298/4)/((-2)/o))/(-1) composite?
False
Suppose 2*x - g - 4 = -2, g - 8 = -3*x. Suppose 2*u - 4*r - 16816 + 414 = 0, 16407 = x*u - 5*r. Is u composite?
False
Let u be (5 - 26/6)*63/2. Let s = u - 3. Let c(z) = z**2 - 4*z - 41. Is c(s) prime?
True
Let t = -298832 + 515623. Is t composite?
False
Suppose 4165 = 5*y - 5*k, 2*k = -6*y + 3*y + 2509. Suppose 7 = 5*j + 22, 3*j + y = 2*b. Is b composite?
True
Suppose 0 = -4*y + j + 17908, 6*j - 13440 = -3*y + 9*j. Suppose -2*a + y = -5*u - 1379, -a + 2941 = 2*u. Is a composite?
True
Suppose -48 - 1687 = -d + 2*l, l + 3455 = 2*d. Let t = d - -982. Is t prime?
True
Suppose 0 = 3*a - 4*c - 561081, 5*a + 4*c - 365900 = 569171. Is a composite?
True
Suppose -2*y + 5*y - 2022 = -2*l, 5*l = y - 674. Let t be 7 + 11 + -6 + 44. Suppose -58*m + y = -t*m. Is m a composite number?
False
Let l be ((-43575)/10 + -2)/((-2)/8). Suppose -6*m - l = -8*m. Is m prime?
True
Let h be (-1)/3 + 4276/12. Suppose 0 = 4*w - 3*n - 1309, 0 = 3*w - 2*w + 5*n - h. Is w a prime number?
True
Suppose -4*d - 177401 = -m - 4*m, 8 = -2*d. Let v = m - -16206. Is v composite?
False
Suppose 1572 = 9*b - 1038. Suppose -22*z + 23*z - 151 = -a, 2*z - b = -5*a. Is z composite?
True
Let c be ((-1350)/(-180))/(3/1268). Suppose 2*u + 4*i = 2538, 3*u + 0*i + 4*i - 3807 = 0. Let y = c - u. Is y prime?
True
Let m(n) = 312488*n**2 + 365*n + 4. Is m(1) composite?
False
Let r(y) = -28*y**3 + 20*y**2 + 7*y + 96. Is r(-11) composite?
True
Suppose -19 - 21 = -4*v. Let g(o) = -2*o + o - 3 + 2*o**2 - 16 + 16. Is g(v) a prime number?
False
Suppose 3*r - 12 = 0, -5*d + r - 1 = -17. Suppose d*o = 99512 - 1764. Is o prime?
False
Suppose 22*k + 6437 = -1747. Let f = k + 6011. Is f composite?
False
Let w be (-25)/20 + (-81)/(-4). Suppose -15*z + w*z = 9668. Is z prime?
True
Let r = -30214 - -54043. Suppose -r = -27*o + 13782. Is o a prime number?
False
Let t = -264 + 273. Suppose -298 = 7*k - t*k. Is k composite?
False
Let p(u) = -29*u**2 - 2*u + 9. Let r(x) be the first derivative of -19*x**3 - 2*x**2 + 18*x - 11. Let j(v) = 5*p(v) - 3*r(v). Is j(-5) prime?
True
Suppose 4*q - 3118 = -2*c - 66, -2280 = -3*q + 3*c. Suppose -n - 1363 = 3*f, 3*n = -f - 651 + 202. Let h = q + f. Is h a composite number?
False
Let r(k) = 5*k**2 + 3*k + 9. Let l be r(4). Let x = -99 + l. Suppose q - 1545 = a, 2*q + x*a - 1539 = q. Is q composite?
False
Suppose -i + 5*x = -684549, -1022*x - 2053579 = -3*i - 1024*x. Is i a prime number?
False
Let p = 222864 - 107443. Is p prime?
True
Is ((-677357)/7)/(702/182 + -4) prime?
True
Let x(r) = 1305*r**2 - 102*r - 65. Is x(24) a prime number?
True
Suppose 4146 = 3*l + 2*u, -2*u - 5548 = -4*l + 2*u. Let t = l + -743. Is t a prime number?
True
Let v be (-10020)/(3*2*(-5)/20). Let r = v + -4399. Is r prime?
True
Is (-8)/(-24)*(1 - -2)*1801 composite?
False
Suppose -11*x = 4*n - 8*x + 18428, 23016 = -5*n + x. Let i = 7543 + n. Is i prime?
True
Let d(a) = 122157*a - 5234. Is d(3) prime?
True
Let h(x) = 1317*x**2 - 42*x + 331. Is h(10) a prime number?
True
Suppose -8107*h + 8114*h - 965321 = 0. Is h a prime number?
False
Let o(v) = v**3 + 23*v**2 - 7 + 1 - 2 - 3 - 5*v. Suppose 64 = 369*p - 373*p. Is o(p) composite?
False
Let b(z) be the third derivative of 7*z**6/20 - z**5/30 + z**4/12 - z**3/6 + 53*z**2. Is b(2) a prime number?
True
Let x(p) = -2*p**3 - 29*p**2 - 35*p + 37. Suppose 10*t - 11*t + 5*k - 27 = 0, 5*t = -4*k - 77. Is x(t) a prime number?
False
Is (-975972)/8*2/(-3) composite?
False
Suppose 21*i + 15 = -6. Is i/(-4) + 721/28 + -7 a prime number?
True
Let p = 135 + -135. Let n(m) = -2*m**3 - m**2 - m + 2813. Is n(p) composite?
True
Suppose 17*t - 13*t = -828. Let d = 514 + t. Is d prime?
True
Let g(n) = -48 + 15 + 219*n - 4158*n - 25. Is g(-3) a composite number?
True
Suppose 9*c = 16*c - 42. Suppose -478 = -c*q + 1964. Is q a prime number?
False
Suppose -4*r - 15049 + 40056 = 5*t, 5*r = -2*t + 31280. Let q = 15407 - r. Is q prime?
False
Let z(d) = 9548*d - 1159. Is z(12) composite?
False
Let c be 2 + (0/(-3))/(-2). Suppose 22*a = -30*a + 208. Suppose 1250 = 2*b + 3*w, -a*w + c*w = 8. Is b composite?
False
Let l be (-1)/(5/35) - -1092. Let p = 3624 - l. Is p composite?
False
Suppose -23*f + 24 = -15*f. Suppose -4233 = -y + 2*n + 256, -4*y + 17945 = f*n. Is y composite?
True
Suppose -4733 = m - 3*d, 2*d + 1899 = -m - 2834. Let f = -592 - m. Is f a prime number?
False
Suppose 5*x - 2*n = 210658, 4*x - 2*n - 168525 = n. Suppose 6*w + 6*w - x = 0. Is (2/(-1) - -3)/(1/w) a composite number?
False
Let s = 6663 - 2567. Is 5/(-25)*3 - s/(-10) prime?
True
Let b = -63 + 61. Suppose -o - 2*u + 3*u = 4429, 2*u + 22152 = -5*o. Is o/(-25) - b*(-2)/20 a prime number?
False
Suppose 8*x + 101701 - 277629 = 0. Is x composite?
False
Let k(f) = -164*f + 112. Let t(l) = 166*l - 113. Let u(y) = -4*k(y) - 3*t(y). Is u(18) prime?
False
Let v = -907814 + 2002981. Is v a composite number?
True
Let w(x) = -21*x**3 + 3*x**2 + 7*x + 2. Let t = 8 + -14. Let k be w(t). Suppose k = 12*a - 8*a. Is a a composite number?
False
Let x = 11553 + 14546. Is x a prime number?
True
Suppose 943886 + 332452 = 6*b. Is b composite?
True
Let l(z) = 6*z**3 + 2*z**2 - 2*z - 1. Let n(f) = -2 + 0*f + 0*f**2 - f**2 - 3 + 11*f. Let m be n(10). Is l(m) composite?
True
Suppose 0 = -3*l - 2*y - 6, l - 3*y = 5 + 4. Suppose 5*k = d + 11, l*d - d + k = -1. Suppose -3*u + 0*u = -v - 353, -d = -v. Is u composite?
True
Suppose -779 = 2*h - 5*w, 3*h + 0*w - w = -1188. Suppose 0 = 8*v - 13*v + 5430. Let c = h + v. Is c composite?
True
Suppose -48885 = 2*c - 7*c. Let d = c + 4858. Suppose 0*f - 4*f - 14635 = -5*j, 5*j + 3*f = d. Is j composite?
False
Let c = -71 - -95. Suppose -20*k + c = -14*k. Suppose -2*z + 4200 = -k*v, 4193 = 2*z + 4*v - v. Is z a composite number?
True
Suppose -74228 = -3*w - 3*b + 20641, 158131 = 5*w + b. Is w a prime number?
True
Suppose -4*j - 26190 = -14*j. Suppose -v + j = -194. Is v a prime number?
False
Let r(n) = 14317*n + 4769. Is r(26) a composite number?
False
Let j = 4921501 + -2890910. Is j a composite number?
False
Let g(b) = -37410*b - 30. Let n be g(-2). Suppose 2*a - n = 9856. Is a prime?
True
Let v be (-190)/(-20) + 1/(-2). Let b(y) = 247*y + 44. Let s be b(v). Let a = s - 906. Is a a prime number?
True
Let g = 2 - 0. Let f be (8 - 6)/(-3*5/(-30)). Suppose -2*z + 178 = 5*k, -f*z - 5*k + 370 = -g*k. Is z composite?
True
Let a(b) = -31*b + 5. Let x be a(-1). Let o be 4*x/(-8) + -3. Let c = -2 - o. Is c composite?
False
Let h = -144 - -188. Is (-3)/7*(-77)/h*5228 composite?
True
Let r(s) = 2*s**2 - 12*s - 17. Let n be r(7). Let c(m) = m**3 + m**2 - m - 10. Let x be c(n). Is (-5)/(x/2085)*1 a prime number?
False
Is ((-7)/((-7)/4))/(44/102707) a composite number?
False
Let p(t) = 1232*t**2 - 230*t - 359. Is p(-27) a prime number?
True
Let z = -23 - -28. Suppose -n + 9 = -f + 5*f, n + 9 = z*f. Suppose -f*m - 4*o + 902 = 0, 2*m = 3*m + 5*o - 454. Is m composite?
False
Let t = -513804 - -1272295. Is t prime?
True
Suppose -33*a - 35*a + 339*a = 13291737. Is a prime?
F